{"id":8,"date":"2019-04-15T21:43:19","date_gmt":"2019-04-15T21:43:19","guid":{"rendered":"https:\/\/pabloluyoruiz.luvingtecperu.com\/?page_id=8"},"modified":"2026-01-13T17:33:42","modified_gmt":"2026-01-13T17:33:42","slug":"inicio","status":"publish","type":"page","link":"https:\/\/pabloluyoruiz.luvingtecperu.com\/","title":{"rendered":"PABLO H. LUYO RUIZ"},"content":{"rendered":"\t\t<div data-elementor-type=\"wp-post\" data-elementor-id=\"8\" class=\"elementor elementor-8\">\n\t\t\t\t\t\t<div class=\"elementor-inner\">\n\t\t\t\t<div class=\"elementor-section-wrap\">\n\t\t\t\t\t\t\t\t\t<section class=\"elementor-section elementor-top-section elementor-element elementor-element-ee56596 elementor-section-full_width elementor-section-height-default elementor-section-height-default\" data-id=\"ee56596\" data-element_type=\"section\">\n\t\t\t\t\t\t<div class=\"elementor-container elementor-column-gap-default\">\n\t\t\t\t\t\t\t<div class=\"elementor-row\">\n\t\t\t\t\t<div class=\"elementor-column elementor-col-50 elementor-top-column elementor-element elementor-element-d50431d\" data-id=\"d50431d\" data-element_type=\"column\">\n\t\t\t<div class=\"elementor-column-wrap elementor-element-populated\">\n\t\t\t\t\t\t\t<div class=\"elementor-widget-wrap\">\n\t\t\t\t\t\t<div class=\"elementor-element elementor-element-e22205c elementor-widget elementor-widget-image\" data-id=\"e22205c\" data-element_type=\"widget\" data-widget_type=\"image.default\">\n\t\t\t\t<div class=\"elementor-widget-container\">\n\t\t\t\t\t\t\t\t<div class=\"elementor-image\">\n\t\t\t\t\t\t\t\t\t\t\t\t<img width=\"300\" height=\"154\" src=\"https:\/\/pabloluyoruiz.luvingtecperu.com\/wp-content\/uploads\/2025\/08\/LOGO_OFICIAL_2025_TRANSPARENTE-300x154.png\" class=\"attachment-medium size-medium\" alt=\"\" loading=\"lazy\" srcset=\"https:\/\/pabloluyoruiz.luvingtecperu.com\/wp-content\/uploads\/2025\/08\/LOGO_OFICIAL_2025_TRANSPARENTE-300x154.png 300w, https:\/\/pabloluyoruiz.luvingtecperu.com\/wp-content\/uploads\/2025\/08\/LOGO_OFICIAL_2025_TRANSPARENTE-1024x524.png 1024w, https:\/\/pabloluyoruiz.luvingtecperu.com\/wp-content\/uploads\/2025\/08\/LOGO_OFICIAL_2025_TRANSPARENTE-768x393.png 768w, https:\/\/pabloluyoruiz.luvingtecperu.com\/wp-content\/uploads\/2025\/08\/LOGO_OFICIAL_2025_TRANSPARENTE-1536x786.png 1536w, https:\/\/pabloluyoruiz.luvingtecperu.com\/wp-content\/uploads\/2025\/08\/LOGO_OFICIAL_2025_TRANSPARENTE.png 2000w\" sizes=\"(max-width: 300px) 100vw, 300px\" \/>\t\t\t\t\t\t\t\t\t\t\t\t\t\t<\/div>\n\t\t\t\t\t\t<\/div>\n\t\t\t\t<\/div>\n\t\t\t\t\t\t<\/div>\n\t\t\t\t\t<\/div>\n\t\t<\/div>\n\t\t\t\t<div class=\"elementor-column elementor-col-50 elementor-top-column elementor-element elementor-element-d52c08d\" data-id=\"d52c08d\" data-element_type=\"column\">\n\t\t\t<div class=\"elementor-column-wrap\">\n\t\t\t\t\t\t\t<div class=\"elementor-widget-wrap\">\n\t\t\t\t\t\t\t\t<\/div>\n\t\t\t\t\t<\/div>\n\t\t<\/div>\n\t\t\t\t\t\t\t\t<\/div>\n\t\t\t\t\t<\/div>\n\t\t<\/section>\n\t\t\t\t<section class=\"elementor-section elementor-top-section elementor-element elementor-element-b61a9eb elementor-section-stretched elementor-section-boxed elementor-section-height-default elementor-section-height-default\" data-id=\"b61a9eb\" data-element_type=\"section\" data-settings=\"{&quot;stretch_section&quot;:&quot;section-stretched&quot;}\">\n\t\t\t\t\t\t<div class=\"elementor-container elementor-column-gap-default\">\n\t\t\t\t\t\t\t<div class=\"elementor-row\">\n\t\t\t\t\t<div class=\"elementor-column elementor-col-50 elementor-top-column elementor-element elementor-element-56121ef\" data-id=\"56121ef\" data-element_type=\"column\">\n\t\t\t<div class=\"elementor-column-wrap elementor-element-populated\">\n\t\t\t\t\t\t\t<div class=\"elementor-widget-wrap\">\n\t\t\t\t\t\t<div class=\"elementor-element elementor-element-2e9e944 elementor-widget elementor-widget-image\" data-id=\"2e9e944\" data-element_type=\"widget\" data-widget_type=\"image.default\">\n\t\t\t\t<div class=\"elementor-widget-container\">\n\t\t\t\t\t\t\t\t<div class=\"elementor-image\">\n\t\t\t\t\t\t\t\t\t<figure class=\"wp-caption\">\n\t\t\t\t\t\t\t\t\t\t<img src=\"https:\/\/pabloluyoruiz.luvingtecperu.com\/wp-content\/uploads\/elementor\/thumbs\/pablo_luyo_B-rhlsqj0hplpzc31az4xfga8sl5rp7bs9wxo44wkxng.png\" title=\"pablo_luyo_B\" alt=\"pablo_luyo_B\" \/>\t\t\t\t\t\t\t\t\t\t\t<figcaption class=\"widget-image-caption wp-caption-text\">Ingeniero Industrial | Especialista en Gesti\u00f3n de Continuidad de Negocio y PRL<\/figcaption>\n\t\t\t\t\t\t\t\t\t\t<\/figure>\n\t\t\t\t\t\t\t\t<\/div>\n\t\t\t\t\t\t<\/div>\n\t\t\t\t<\/div>\n\t\t\t\t\t\t<\/div>\n\t\t\t\t\t<\/div>\n\t\t<\/div>\n\t\t\t\t<div class=\"elementor-column elementor-col-50 elementor-top-column elementor-element elementor-element-f8fecda\" data-id=\"f8fecda\" data-element_type=\"column\">\n\t\t\t<div class=\"elementor-column-wrap elementor-element-populated\">\n\t\t\t\t\t\t\t<div class=\"elementor-widget-wrap\">\n\t\t\t\t\t\t<div class=\"elementor-element elementor-element-0d46f85 elementor-widget elementor-widget-text-editor\" data-id=\"0d46f85\" data-element_type=\"widget\" data-widget_type=\"text-editor.default\">\n\t\t\t\t<div class=\"elementor-widget-container\">\n\t\t\t\t\t\t\t\t<div class=\"elementor-text-editor elementor-clearfix\">\n\t\t\t\t<p><span style=\"font-size: medium;\"><b>LUVINGTEC PERU E.I.R.L.<\/b><\/span><\/p><p>Av. Javier Prado 560<br \/>San Isidro<br \/>LIMA 27 PERU<\/p><p><em>Celular :<\/em><br \/>947 402 228<br \/><em>Correo:<\/em><br \/>sig@luvingtecperu.com<br \/><em>Oficina:<\/em><br \/>(01) 7392524<\/p>\t\t\t\t\t<\/div>\n\t\t\t\t\t\t<\/div>\n\t\t\t\t<\/div>\n\t\t\t\t\t\t<\/div>\n\t\t\t\t\t<\/div>\n\t\t<\/div>\n\t\t\t\t\t\t\t\t<\/div>\n\t\t\t\t\t<\/div>\n\t\t<\/section>\n\t\t\t\t<section class=\"elementor-section elementor-top-section elementor-element elementor-element-2fc527d elementor-section-stretched elementor-section-boxed elementor-section-height-default elementor-section-height-default\" data-id=\"2fc527d\" data-element_type=\"section\" data-settings=\"{&quot;stretch_section&quot;:&quot;section-stretched&quot;}\">\n\t\t\t\t\t\t<div class=\"elementor-container elementor-column-gap-default\">\n\t\t\t\t\t\t\t<div class=\"elementor-row\">\n\t\t\t\t\t<div class=\"elementor-column elementor-col-100 elementor-top-column elementor-element elementor-element-b2a115c\" data-id=\"b2a115c\" data-element_type=\"column\">\n\t\t\t<div class=\"elementor-column-wrap elementor-element-populated\">\n\t\t\t\t\t\t\t<div class=\"elementor-widget-wrap\">\n\t\t\t\t\t\t<div class=\"elementor-element elementor-element-330f835 elementor-widget elementor-widget-shortcode\" data-id=\"330f835\" data-element_type=\"widget\" data-widget_type=\"shortcode.default\">\n\t\t\t\t<div class=\"elementor-widget-container\">\n\t\t\t\t\t<div class=\"elementor-shortcode\">\t\t\t\t\t\t<style>\r\n\t\t\t\t<style>\r\n#wpsm_accordion_134 .wpsm_panel-heading{\r\n\tpadding:0px !important;\r\n}\r\n#wpsm_accordion_134 .wpsm_panel-title {\r\n\tmargin:0px !important; \r\n\ttext-transform:none !important;\r\n\tline-height: 1 !important;\r\n}\r\n#wpsm_accordion_134 .wpsm_panel-title a{\r\n\ttext-decoration:none;\r\n\toverflow:hidden;\r\n\tdisplay:block;\r\n\tpadding:0px;\r\n\tfont-size: 18px !important;\r\n\tfont-family: Open Sans !important;\r\n\tcolor:#ffffff !important;\r\n\tborder-bottom:0px !important;\r\n}\r\n\r\n#wpsm_accordion_134 .wpsm_panel-title a:focus {\r\noutline: 0px !important;\r\n}\r\n\r\n#wpsm_accordion_134 .wpsm_panel-title a:hover, #wpsm_accordion_134 .wpsm_panel-title a:focus {\r\n\tcolor:#ffffff !important;\r\n}\r\n#wpsm_accordion_134 .acc-a{\r\n\tcolor: #ffffff !important;\r\n\tbackground-color:#1935a8 !important;\r\n\tborder-color: #ddd;\r\n}\r\n#wpsm_accordion_134 .wpsm_panel-default > .wpsm_panel-heading{\r\n\tcolor: #ffffff !important;\r\n\tbackground-color: #1935a8 !important;\r\n\tborder-color: #1935a8 !important;\r\n\tborder-top-left-radius: 0px;\r\n\tborder-top-right-radius: 0px;\r\n}\r\n#wpsm_accordion_134 .wpsm_panel-default {\r\n\t\tborder:1px solid transparent !important;\r\n\t}\r\n#wpsm_accordion_134 {\r\n\tmargin-bottom: 20px;\r\n\toverflow: hidden;\r\n\tfloat: none;\r\n\twidth: 100%;\r\n\tdisplay: block;\r\n}\r\n#wpsm_accordion_134 .ac_title_class{\r\n\tdisplay: block;\r\n\tpadding-top: 12px;\r\n\tpadding-bottom: 12px;\r\n\tpadding-left: 15px;\r\n\tpadding-right: 15px;\r\n}\r\n#wpsm_accordion_134  .wpsm_panel {\r\n\toverflow:hidden;\r\n\t-webkit-box-shadow: 0 0px 0px rgba(0, 0, 0, .05);\r\n\tbox-shadow: 0 0px 0px rgba(0, 0, 0, .05);\r\n\t\tborder-radius: 4px;\r\n\t}\r\n#wpsm_accordion_134  .wpsm_panel + .wpsm_panel {\r\n\t\tmargin-top: 5px;\r\n\t}\r\n#wpsm_accordion_134  .wpsm_panel-body{\r\n\tbackground-color:#ffffff !important;\r\n\tcolor:#000000 !important;\r\n\tborder-top-color: #1935a8 !important;\r\n\tfont-size:16px !important;\r\n\tfont-family: Open Sans !important;\r\n\toverflow: hidden;\r\n\t\tborder: 2px solid #1935a8 !important;\r\n\t}\r\n\r\n#wpsm_accordion_134 .ac_open_cl_icon{\r\n\tbackground-color:#1935a8 !important;\r\n\tcolor: #ffffff !important;\r\n\tfloat:right !important;\r\n\tpadding-top: 12px !important;\r\n\tpadding-bottom: 12px !important;\r\n\tline-height: 1.0 !important;\r\n\tpadding-left: 15px !important;\r\n\tpadding-right: 15px !important;\r\n\tdisplay: inline-block !important;\r\n}\r\n\r\n\t\t\t\r\n\t\t\t<\/style>\t\r\n\t\t\t<\/style>\r\n\t\t\t<div class=\"wpsm_panel-group\" id=\"wpsm_accordion_134\" >\r\n\t\t\t\t\t\t\t\t\r\n\t\t\t\t\t<!-- Inner panel Start -->\r\n\t\t\t\t\t<div class=\"wpsm_panel wpsm_panel-default\">\r\n\t\t\t\t\t\t<div class=\"wpsm_panel-heading\" role=\"tab\" >\r\n\t\t\t\t\t\t  <h4 class=\"wpsm_panel-title\">\r\n\t\t\t\t\t\t\t<a  class=\"\"  data-toggle=\"collapse\" data-parent=\"#wpsm_accordion_134 \" href=\"javascript:void(0)\" data-target=\"#ac_134_collapse1\" onclick=\"do_resize()\">\r\n\t\t\t\t\t\t\t\t\t\t\t\t\t\t\t\t\t<span class=\"ac_open_cl_icon fa fa-plus\"><\/span>\r\n\t\t\t\t\t\t\t\t\t\r\n\t\t\t\t\t\t\t\t \r\n\t\t\t\t\t\t\t\t<span class=\"ac_title_class\">\r\n\t\t\t\t\t\t\t\t\t\t\t\t\t\t\t\t\t\t\t\t<span style=\"margin-right:6px;\" class=\"fa fa-laptop\"><\/span>\r\n\t\t\t\t\t\t\t\t\tCODIGO QR\t\t\t\t\t\t\t\t<\/span>\r\n\t\t\t\t\t\t\t<\/a>\r\n\t\t\t\t\t\t  <\/h4>\r\n\t\t\t\t\t\t<\/div>\r\n\t\t\t\t\t\t<div id=\"ac_134_collapse1\" class=\"wpsm_panel-collapse collapse \"  >\r\n\t\t\t\t\t\t  <div class=\"wpsm_panel-body\">\r\n\t\t\t\t\t\t\t<div id=\"qrcode\">\r\n<img src=\"https:\/\/www.codigos-qr.com\/qr\/php\/qr_img.php?d=https%3A%2F%2Fpabloluyoruiz.luvingtecperu.com%2F&amp;s=8&amp;e=m\" alt=\"Generador de C\u00f3digos QR Codes\" \/>\r\n<br \/>\t\t\t\t\t\t  <\/div>\r\n\t\t\t\t\t\t<\/div>\r\n\t\t\t\t\t<\/div>\r\n\t\t\t\t\t<!-- Inner panel End -->\r\n\t\t\t\t\t\r\n\t\t\t\t\t\t\t\t\r\n\t\t\t\t\t<!-- Inner panel Start -->\r\n\t\t\t\t\t<div class=\"wpsm_panel wpsm_panel-default\">\r\n\t\t\t\t\t\t<div class=\"wpsm_panel-heading\" role=\"tab\" >\r\n\t\t\t\t\t\t  <h4 class=\"wpsm_panel-title\">\r\n\t\t\t\t\t\t\t<a  class=\"collapsed\"  data-toggle=\"collapse\" data-parent=\"#wpsm_accordion_134 \" href=\"javascript:void(0)\" data-target=\"#ac_134_collapse2\" onclick=\"do_resize()\">\r\n\t\t\t\t\t\t\t\t\t\t\t\t\t\t\t\t\t<span class=\"ac_open_cl_icon fa fa-plus\"><\/span>\r\n\t\t\t\t\t\t\t\t\t\r\n\t\t\t\t\t\t\t\t \r\n\t\t\t\t\t\t\t\t<span class=\"ac_title_class\">\r\n\t\t\t\t\t\t\t\t\t\t\t\t\t\t\t\t\t\t\t\t<span style=\"margin-right:6px;\" class=\"fa fa-arrow-circle-down\"><\/span>\r\n\t\t\t\t\t\t\t\t\tRedes Sociales.\t\t\t\t\t\t\t\t<\/span>\r\n\t\t\t\t\t\t\t<\/a>\r\n\t\t\t\t\t\t  <\/h4>\r\n\t\t\t\t\t\t<\/div>\r\n\t\t\t\t\t\t<div id=\"ac_134_collapse2\" class=\"wpsm_panel-collapse collapse \"  >\r\n\t\t\t\t\t\t  <div class=\"wpsm_panel-body\">\r\n\t\t\t\t\t\t\t<p style=\"text-align: center\"><a href=\"https:\/\/www.facebook.com\/pabloluyoruiz\"><img loading=\"lazy\" class=\"size-medium wp-image-286\" src=\"https:\/\/pabloluyoruiz.luvingtecperu.com\/wp-content\/uploads\/2021\/01\/FACEBOOK-300x300.png\" alt=\"FACEBOOK\" width=\"50\" height=\"50\" srcset=\"https:\/\/pabloluyoruiz.luvingtecperu.com\/wp-content\/uploads\/2021\/01\/FACEBOOK-300x300.png 300w, https:\/\/pabloluyoruiz.luvingtecperu.com\/wp-content\/uploads\/2021\/01\/FACEBOOK-150x150.png 150w, https:\/\/pabloluyoruiz.luvingtecperu.com\/wp-content\/uploads\/2021\/01\/FACEBOOK.png 512w\" sizes=\"(max-width: 50px) 100vw, 50px\" \/><\/a>\u00a0 <a href=\"https:\/\/www.linkedin.com\/in\/pabloluyo\/\"><img loading=\"lazy\" class=\"size-full wp-image-287\" src=\"https:\/\/pabloluyoruiz.luvingtecperu.com\/wp-content\/uploads\/2021\/01\/LinkedIn-300x300-1.png\" alt=\"linkedin\" width=\"50\" height=\"50\" srcset=\"https:\/\/pabloluyoruiz.luvingtecperu.com\/wp-content\/uploads\/2021\/01\/LinkedIn-300x300-1.png 300w, https:\/\/pabloluyoruiz.luvingtecperu.com\/wp-content\/uploads\/2021\/01\/LinkedIn-300x300-1-150x150.png 150w\" sizes=\"(max-width: 50px) 100vw, 50px\" \/><\/a> <a href=\"https:\/\/twitter.com\/IngePabloLuyo\"><img loading=\"lazy\" class=\"alignnone size-medium wp-image-288\" src=\"https:\/\/pabloluyoruiz.luvingtecperu.com\/wp-content\/uploads\/2021\/01\/TWITTER-300x300.png\" alt=\"twitter\" width=\"50\" height=\"50\" srcset=\"https:\/\/pabloluyoruiz.luvingtecperu.com\/wp-content\/uploads\/2021\/01\/TWITTER-300x300.png 300w, https:\/\/pabloluyoruiz.luvingtecperu.com\/wp-content\/uploads\/2021\/01\/TWITTER-150x150.png 150w, https:\/\/pabloluyoruiz.luvingtecperu.com\/wp-content\/uploads\/2021\/01\/TWITTER.png 512w\" sizes=\"(max-width: 50px) 100vw, 50px\" \/><\/a><\/p>\t\t\t\t\t\t  <\/div>\r\n\t\t\t\t\t\t<\/div>\r\n\t\t\t\t\t<\/div>\r\n\t\t\t\t\t<!-- Inner panel End -->\r\n\t\t\t\t\t\r\n\t\t\t\t\t\t\t\t\r\n\t\t\t\t\t<!-- Inner panel Start -->\r\n\t\t\t\t\t<div class=\"wpsm_panel wpsm_panel-default\">\r\n\t\t\t\t\t\t<div class=\"wpsm_panel-heading\" role=\"tab\" >\r\n\t\t\t\t\t\t  <h4 class=\"wpsm_panel-title\">\r\n\t\t\t\t\t\t\t<a  class=\"collapsed\"  data-toggle=\"collapse\" data-parent=\"#wpsm_accordion_134 \" href=\"javascript:void(0)\" data-target=\"#ac_134_collapse3\" onclick=\"do_resize()\">\r\n\t\t\t\t\t\t\t\t\t\t\t\t\t\t\t\t\t<span class=\"ac_open_cl_icon fa fa-plus\"><\/span>\r\n\t\t\t\t\t\t\t\t\t\r\n\t\t\t\t\t\t\t\t \r\n\t\t\t\t\t\t\t\t<span class=\"ac_title_class\">\r\n\t\t\t\t\t\t\t\t\t\t\t\t\t\t\t\t\t\t\t\t<span style=\"margin-right:6px;\" class=\"fa fa-arrow-circle-down\"><\/span>\r\n\t\t\t\t\t\t\t\t\tAcerca de mi\t\t\t\t\t\t\t\t<\/span>\r\n\t\t\t\t\t\t\t<\/a>\r\n\t\t\t\t\t\t  <\/h4>\r\n\t\t\t\t\t\t<\/div>\r\n\t\t\t\t\t\t<div id=\"ac_134_collapse3\" class=\"wpsm_panel-collapse collapse \"  >\r\n\t\t\t\t\t\t  <div class=\"wpsm_panel-body\">\r\n\t\t\t\t\t\t\tProtejo la operatividad y el talento de tu organizaci\u00f3n. Con m\u00e1s de 10 a\u00f1os de experiencia, ayudo a las empresas a cumplir con la Ley 29783 y a garantizar la continuidad de sus procesos mediante soluciones integrales de seguridad y tecnolog\u00eda en LUVINGTEC PER\u00da.\t\t\t\t\t\t  <\/div>\r\n\t\t\t\t\t\t<\/div>\r\n\t\t\t\t\t<\/div>\r\n\t\t\t\t\t<!-- Inner panel End -->\r\n\t\t\t\t\t\r\n\t\t\t\t\t\t\t\t\r\n\t\t\t\t\t<!-- Inner panel Start -->\r\n\t\t\t\t\t<div class=\"wpsm_panel wpsm_panel-default\">\r\n\t\t\t\t\t\t<div class=\"wpsm_panel-heading\" role=\"tab\" >\r\n\t\t\t\t\t\t  <h4 class=\"wpsm_panel-title\">\r\n\t\t\t\t\t\t\t<a  class=\"collapsed\"  data-toggle=\"collapse\" data-parent=\"#wpsm_accordion_134 \" href=\"javascript:void(0)\" data-target=\"#ac_134_collapse4\" onclick=\"do_resize()\">\r\n\t\t\t\t\t\t\t\t\t\t\t\t\t\t\t\t\t<span class=\"ac_open_cl_icon fa fa-plus\"><\/span>\r\n\t\t\t\t\t\t\t\t\t\r\n\t\t\t\t\t\t\t\t \r\n\t\t\t\t\t\t\t\t<span class=\"ac_title_class\">\r\n\t\t\t\t\t\t\t\t\t\t\t\t\t\t\t\t\t\t\t\t<span style=\"margin-right:6px;\" class=\"fa fa-arrow-circle-down\"><\/span>\r\n\t\t\t\t\t\t\t\t\tEmpresa\t\t\t\t\t\t\t\t<\/span>\r\n\t\t\t\t\t\t\t<\/a>\r\n\t\t\t\t\t\t  <\/h4>\r\n\t\t\t\t\t\t<\/div>\r\n\t\t\t\t\t\t<div id=\"ac_134_collapse4\" class=\"wpsm_panel-collapse collapse \"  >\r\n\t\t\t\t\t\t  <div class=\"wpsm_panel-body\">\r\n\t\t\t\t\t\t\t<p><b>LUVINGTEC PERU (LUYO VILADEGUT INGENIERIA Y TECNOLOGIA E.I.R.L. RUC 20602370969)<\/b> es una organizaci\u00f3n que brinda soluciones a la medida de los clientes.<\/p>\r\n<p>\r\n\u00bf\ud835\udde4\ud835\ude02\u00e9 \ud835\uddfc\ud835\uddf3\ud835\uddff\ud835\uddf2\ud835\uddf0\ud835\uddf2\ud835\uddfa\ud835\uddfc\ud835\ude00?\u2714\ufe0f<br>\r\n<p>Ofrecemos asesor\u00eda y servicios integrales en la especialidad de Seguridad y Salud en el trabajo (implementaci\u00f3n, auditor\u00edas, protocolos de bioseguridad), Sistemas de Gesti\u00f3n Integrados (ISO 9001, 45001, 14001) y Tecnolog\u00edas de la Informaci\u00f3n (dise\u00f1o web, gesti\u00f3n de la informaci\u00f3n local y en la nube, soporte t\u00e9cnico).<\/p>\r\n<p>\r\n\u00bf\ud835\udde4\ud835\ude02\ud835\uddf6\ud835\uddf2\ud835\uddfb\ud835\uddf2\ud835\ude00 \ud835\ude00\ud835\uddfc\ud835\uddfa\ud835\uddfc\ud835\ude00?\u2714\ufe0f<br>\r\n<p>Somos un grupo de profesionales y t\u00e9cnicos que han consolidado su experiencia en su campo durante a\u00f1os; lo que nos permite asegurarle un trabajo con garant\u00eda, responsabilidad, conocimiento y calidad. Lo invitamos a revisar nuestra web en http:\/\/www.luvingtecperu.com<\/p>\r\n<p>\r\n\u00bf\ud835\uddd8\ud835\uddfb \ud835\uddfe\ud835\ude02\ud835\uddf2 \ud835\ude00\ud835\uddf2\ud835\uddf0\ud835\ude01\ud835\uddfc\ud835\uddff\ud835\uddf2\ud835\ude00 \ud835\ude01\ud835\uddf2\ud835\uddfb\ud835\uddf2\ud835\uddfa\ud835\uddfc\ud835\ude00 \ud835\uddfa\ud835\uddee\ud835\ude06\ud835\uddfc\ud835\uddff \ud835\uddf2\ud835\ude05\ud835\uddfd\ud835\uddf2\ud835\uddff\ud835\uddf6\ud835\uddf2\ud835\uddfb\ud835\uddf0\ud835\uddf6\ud835\uddee?\u2714\ufe0f<br>\r\n<p>Servicios | Construcci\u00f3n | Industria | Telecomunicaci\u00f3n | Automotriz | Entretenimiento<\/p>\t\t\t\t\t\t  <\/div>\r\n\t\t\t\t\t\t<\/div>\r\n\t\t\t\t\t<\/div>\r\n\t\t\t\t\t<!-- Inner panel End -->\r\n\t\t\t\t\t\r\n\t\t\t\t\t\t\t\t\r\n\t\t\t\t\t<!-- Inner panel Start -->\r\n\t\t\t\t\t<div class=\"wpsm_panel wpsm_panel-default\">\r\n\t\t\t\t\t\t<div class=\"wpsm_panel-heading\" role=\"tab\" >\r\n\t\t\t\t\t\t  <h4 class=\"wpsm_panel-title\">\r\n\t\t\t\t\t\t\t<a  class=\"collapsed\"  data-toggle=\"collapse\" data-parent=\"#wpsm_accordion_134 \" href=\"javascript:void(0)\" data-target=\"#ac_134_collapse5\" onclick=\"do_resize()\">\r\n\t\t\t\t\t\t\t\t\t\t\t\t\t\t\t\t\t<span class=\"ac_open_cl_icon fa fa-plus\"><\/span>\r\n\t\t\t\t\t\t\t\t\t\r\n\t\t\t\t\t\t\t\t \r\n\t\t\t\t\t\t\t\t<span class=\"ac_title_class\">\r\n\t\t\t\t\t\t\t\t\t\t\t\t\t\t\t\t\t\t\t\t<span style=\"margin-right:6px;\" class=\"fa fa-arrow-circle-down\"><\/span>\r\n\t\t\t\t\t\t\t\t\tProductos y Servicios\t\t\t\t\t\t\t\t<\/span>\r\n\t\t\t\t\t\t\t<\/a>\r\n\t\t\t\t\t\t  <\/h4>\r\n\t\t\t\t\t\t<\/div>\r\n\t\t\t\t\t\t<div id=\"ac_134_collapse5\" class=\"wpsm_panel-collapse collapse \"  >\r\n\t\t\t\t\t\t  <div class=\"wpsm_panel-body\">\r\n\t\t\t\t\t\t\t<img loading=\"lazy\" class=\" wp-image-55 alignleft\" src=\"https:\/\/pabloluyoruiz.luvingtecperu.com\/wp-content\/uploads\/2019\/04\/Foto-destacada-blog-herrami-1-1-300x210.jpg\" alt=\"\" width=\"200\" height=\"140\" srcset=\"https:\/\/pabloluyoruiz.luvingtecperu.com\/wp-content\/uploads\/2019\/04\/Foto-destacada-blog-herrami-1-1-300x210.jpg 300w, https:\/\/pabloluyoruiz.luvingtecperu.com\/wp-content\/uploads\/2019\/04\/Foto-destacada-blog-herrami-1-1-768x538.jpg 768w, https:\/\/pabloluyoruiz.luvingtecperu.com\/wp-content\/uploads\/2019\/04\/Foto-destacada-blog-herrami-1-1.jpg 1000w\" sizes=\"(max-width: 200px) 100vw, 200px\" \/>\r\n<p style=\"text-align: justify\"><strong>Servicios en Seguridad y Salud en el Trabajo \/ Gesti\u00f3n de Tecnolog\u00edas<\/strong><\/p>\r\n\r\n<ul>\r\n \t<li>Capacitaciones especializadas (LOTO, trabajos en altura, ergonom\u00eda, emergencias, etc) <\/li>\r\n \t<li>Implementaci\u00f3n en sistemas de gesti\u00f3n en SST (ISO 45001).<\/li>\r\n \t<li>Auditorias y diagn\u00f3sticos de cumplimiento legal.<\/li>\r\n        <li>Elaboraci\u00f3n de IPER, PETS y procedimientos de alto riesgo.<\/li>\r\n        <li>Asesor\u00eda y prevenci\u00f3n de riesgos laborales.<\/li>\r\n<\/ul>\r\n<a href=\"https:\/\/luvingtecperu.com\/productos-servicios-sig-soluciones-iso\/\"><em><strong>Ver m\u00e1s<\/strong><\/em><\/a>\r\n\r\n<img loading=\"lazy\" class=\" wp-image-56 alignright\" src=\"https:\/\/pabloluyoruiz.luvingtecperu.com\/wp-content\/uploads\/2019\/04\/5b214edf08c75-300x210.jpg\" alt=\"\" width=\"200\" height=\"140\" srcset=\"https:\/\/pabloluyoruiz.luvingtecperu.com\/wp-content\/uploads\/2019\/04\/5b214edf08c75-300x210.jpg 300w, https:\/\/pabloluyoruiz.luvingtecperu.com\/wp-content\/uploads\/2019\/04\/5b214edf08c75-768x538.jpg 768w, https:\/\/pabloluyoruiz.luvingtecperu.com\/wp-content\/uploads\/2019\/04\/5b214edf08c75.jpg 1000w\" sizes=\"(max-width: 200px) 100vw, 200px\" \/>\r\n<p style=\"text-align: justify\"><strong>Servicio de gesti\u00f3n de tecnolog\u00edas<\/strong><\/p>\r\n\r\n<ul>\r\n \t<li>Dise\u00f1o y desarrollo de soluciones digitales.<\/li>\r\n \t<li>Dise\u00f1o y desarrollo de p\u00e1ginas web.<\/li>\r\n \t<li>Dise\u00f1o de Tarjetas Corporativas Digitales DIGICARD.<\/li>\r\n \t<li>Venta de equipos inform\u00e1ticos.<\/li>\r\n \t<li>Soporte T\u00e9cnico.<\/li>\r\n<\/ul>\r\n<strong><em><a href=\"https:\/\/luvingtecperu.com\/servicios-complementarios\/\">Ver mas<\/a><\/em><\/strong>\r\n\r\n\t\t\t\t\t\t  <\/div>\r\n\t\t\t\t\t\t<\/div>\r\n\t\t\t\t\t<\/div>\r\n\t\t\t\t\t<!-- Inner panel End -->\r\n\t\t\t\t\t\r\n\t\t\t\t\t\t\t\t\r\n\t\t\t\t\t<!-- Inner panel Start -->\r\n\t\t\t\t\t<div class=\"wpsm_panel wpsm_panel-default\">\r\n\t\t\t\t\t\t<div class=\"wpsm_panel-heading\" role=\"tab\" >\r\n\t\t\t\t\t\t  <h4 class=\"wpsm_panel-title\">\r\n\t\t\t\t\t\t\t<a  class=\"collapsed\"  data-toggle=\"collapse\" data-parent=\"#wpsm_accordion_134 \" href=\"javascript:void(0)\" data-target=\"#ac_134_collapse6\" onclick=\"do_resize()\">\r\n\t\t\t\t\t\t\t\t\t\t\t\t\t\t\t\t\t<span class=\"ac_open_cl_icon fa fa-plus\"><\/span>\r\n\t\t\t\t\t\t\t\t\t\r\n\t\t\t\t\t\t\t\t \r\n\t\t\t\t\t\t\t\t<span class=\"ac_title_class\">\r\n\t\t\t\t\t\t\t\t\t\t\t\t\t\t\t\t\t\t\t\t<span style=\"margin-right:6px;\" class=\"fa fa-arrow-circle-down\"><\/span>\r\n\t\t\t\t\t\t\t\t\tUbicaci\u00f3n\t\t\t\t\t\t\t\t<\/span>\r\n\t\t\t\t\t\t\t<\/a>\r\n\t\t\t\t\t\t  <\/h4>\r\n\t\t\t\t\t\t<\/div>\r\n\t\t\t\t\t\t<div id=\"ac_134_collapse6\" class=\"wpsm_panel-collapse collapse \"  >\r\n\t\t\t\t\t\t  <div class=\"wpsm_panel-body\">\r\n\t\t\t\t\t\t\tOfic. Javier Prado 560 -2302 - San Isidro - LIMA - PERU\r\n<div id=\"wpgmza_map\" class=\"wpgmza_map\" data-settings=\"{&quot;id&quot;:&quot;1&quot;,&quot;map_title&quot;:&quot;Mi primer mapa&quot;,&quot;map_width&quot;:&quot;100&quot;,&quot;map_height&quot;:&quot;400&quot;,&quot;map_start_lat&quot;:&quot;-12.091448&quot;,&quot;map_start_lng&quot;:&quot;-77.027428&quot;,&quot;map_start_location&quot;:&quot;-12.09144842407099,-77.02742798811346&quot;,&quot;map_start_zoom&quot;:&quot;18&quot;,&quot;default_marker&quot;:&quot;0&quot;,&quot;type&quot;:&quot;1&quot;,&quot;alignment&quot;:&quot;4&quot;,&quot;directions_enabled&quot;:&quot;1&quot;,&quot;styling_enabled&quot;:&quot;0&quot;,&quot;styling_json&quot;:&quot;&quot;,&quot;active&quot;:&quot;0&quot;,&quot;kml&quot;:&quot;&quot;,&quot;bicycle&quot;:&quot;0&quot;,&quot;traffic&quot;:&quot;0&quot;,&quot;dbox&quot;:&quot;1&quot;,&quot;dbox_width&quot;:&quot;100&quot;,&quot;listmarkers&quot;:&quot;0&quot;,&quot;listmarkers_advanced&quot;:&quot;0&quot;,&quot;filterbycat&quot;:&quot;0&quot;,&quot;ugm_enabled&quot;:&quot;0&quot;,&quot;ugm_category_enabled&quot;:&quot;0&quot;,&quot;fusion&quot;:&quot;&quot;,&quot;map_width_type&quot;:&quot;\\\\%&quot;,&quot;map_height_type&quot;:&quot;px&quot;,&quot;mass_marker_support&quot;:&quot;1&quot;,&quot;ugm_access&quot;:&quot;0&quot;,&quot;order_markers_by&quot;:&quot;1&quot;,&quot;order_markers_choice&quot;:&quot;2&quot;,&quot;show_user_location&quot;:&quot;0&quot;,&quot;default_to&quot;:&quot;&quot;,&quot;other_settings&quot;:{&quot;store_locator_enabled&quot;:2,&quot;store_locator_distance&quot;:2,&quot;store_locator_default_radius&quot;:10,&quot;store_locator_not_found_message&quot;:&quot;No results found in this location. Please try again.&quot;,&quot;store_locator_bounce&quot;:1,&quot;store_locator_query_string&quot;:&quot;ZIP \\\/ C\\u00f3digo Postal \\\/ Direcci\\u00f3n&quot;,&quot;store_locator_default_address&quot;:&quot;&quot;,&quot;wpgmza_store_locator_restrict&quot;:&quot;&quot;,&quot;wpgmza_store_locator_radius_style&quot;:&quot;modern&quot;,&quot;map_max_zoom&quot;:&quot;1&quot;,&quot;transport_layer&quot;:0,&quot;wpgmza_theme_data&quot;:&quot;&quot;,&quot;wpgmza_show_points_of_interest&quot;:1,&quot;wpgmza_auto_night&quot;:0}}\" data-map-id='1' Data-maps-engine='open-layers' data-shortcode-attributes=\"{&quot;id&quot;:&quot;1&quot;}\" style=\"display:block; overflow:auto; width:100%; height:400px; float:left;\"><\/div>\t\t\t\t\t\t  <\/div>\r\n\t\t\t\t\t\t<\/div>\r\n\t\t\t\t\t<\/div>\r\n\t\t\t\t\t<!-- Inner panel End -->\r\n\t\t\t\t\t\r\n\t\t\t\t\t\t\t<\/div>\r\n\t\t\t\r\n<script type=\"text\/javascript\">\r\n\t\r\n\t\tfunction do_resize(){\r\n\r\n\t\t\tvar width=jQuery( '.wpsm_panel .wpsm_panel-body iframe' ).width();\r\n\t\t\tvar height=jQuery( '.wpsm_panel .wpsm_panel-body iframe' ).height();\r\n\r\n\t\t\tvar toggleSize = true;\r\n\t\t\tjQuery('iframe').animate({\r\n\t\t\t    width: toggleSize ? width : 640,\r\n\t\t\t    height: toggleSize ? height : 360\r\n\t\t\t  }, 250);\r\n\r\n\t\t\t  toggleSize = !toggleSize;\r\n\t\t}\r\n\t\t\r\n<\/script>\t<\/div>\n\t\t\t\t<\/div>\n\t\t\t\t<\/div>\n\t\t\t\t\t\t<\/div>\n\t\t\t\t\t<\/div>\n\t\t<\/div>\n\t\t\t\t\t\t\t\t<\/div>\n\t\t\t\t\t<\/div>\n\t\t<\/section>\n\t\t\t\t\t\t\t\t\t<\/div>\n\t\t\t<\/div>\n\t\t\t\t\t<\/div>\n\t\t","protected":false},"excerpt":{"rendered":"<p>Ingeniero Industrial | Especialista en Gesti\u00f3n de Continuidad de Negocio y PRL LUVINGTEC PERU E.I.R.L. Av. Javier Prado 560San IsidroLIMA 27 PERU Celular :947 402 228Correo:sig@luvingtecperu.comOficina:(01) 7392524<\/p>\n","protected":false},"author":1,"featured_media":0,"parent":0,"menu_order":0,"comment_status":"closed","ping_status":"closed","template":"template-page-builder.php","meta":[],"_links":{"self":[{"href":"https:\/\/pabloluyoruiz.luvingtecperu.com\/index.php?rest_route=\/wp\/v2\/pages\/8"}],"collection":[{"href":"https:\/\/pabloluyoruiz.luvingtecperu.com\/index.php?rest_route=\/wp\/v2\/pages"}],"about":[{"href":"https:\/\/pabloluyoruiz.luvingtecperu.com\/index.php?rest_route=\/wp\/v2\/types\/page"}],"author":[{"embeddable":true,"href":"https:\/\/pabloluyoruiz.luvingtecperu.com\/index.php?rest_route=\/wp\/v2\/users\/1"}],"replies":[{"embeddable":true,"href":"https:\/\/pabloluyoruiz.luvingtecperu.com\/index.php?rest_route=%2Fwp%2Fv2%2Fcomments&post=8"}],"version-history":[{"count":286,"href":"https:\/\/pabloluyoruiz.luvingtecperu.com\/index.php?rest_route=\/wp\/v2\/pages\/8\/revisions"}],"predecessor-version":[{"id":388,"href":"https:\/\/pabloluyoruiz.luvingtecperu.com\/index.php?rest_route=\/wp\/v2\/pages\/8\/revisions\/388"}],"wp:attachment":[{"href":"https:\/\/pabloluyoruiz.luvingtecperu.com\/index.php?rest_route=%2Fwp%2Fv2%2Fmedia&parent=8"}],"curies":[{"name":"wp","href":"https:\/\/api.w.org\/{rel}","templated":true}]}}